{"id":135,"date":"2025-01-24T22:30:16","date_gmt":"2025-01-24T22:30:16","guid":{"rendered":"https:\/\/elfogondeisi.com\/?page_id=135"},"modified":"2025-03-29T17:21:35","modified_gmt":"2025-03-29T17:21:35","slug":"menu-especial","status":"publish","type":"page","link":"https:\/\/elfogondeisi.com\/index.php\/menu-especial\/","title":{"rendered":"Men\u00fa Especial"},"content":{"rendered":"\t\t<div data-elementor-type=\"wp-page\" data-elementor-id=\"135\" class=\"elementor elementor-135\">\n\t\t\t\t<div class=\"elementor-element elementor-element-0d43822 e-con-full e-flex e-con e-parent\" data-id=\"0d43822\" data-element_type=\"container\" data-e-type=\"container\">\n\t\t\t\t<div class=\"elementor-element elementor-element-cd397bd elementor-widget elementor-widget-heading\" data-id=\"cd397bd\" data-element_type=\"widget\" data-e-type=\"widget\" data-widget_type=\"heading.default\">\n\t\t\t\t<div class=\"elementor-widget-container\">\n\t\t\t\t\t<h2 class=\"elementor-heading-title elementor-size-default\">S\u00e1bado, 1 de febrero<\/h2>\t\t\t\t<\/div>\n\t\t\t\t<\/div>\n\t\t\t\t<div class=\"elementor-element elementor-element-a8baf4c elementor-widget-divider--view-line elementor-widget elementor-widget-divider\" data-id=\"a8baf4c\" data-element_type=\"widget\" data-e-type=\"widget\" data-widget_type=\"divider.default\">\n\t\t\t\t<div class=\"elementor-widget-container\">\n\t\t\t\t\t\t\t<div class=\"elementor-divider\">\n\t\t\t<span class=\"elementor-divider-separator\">\n\t\t\t\t\t\t<\/span>\n\t\t<\/div>\n\t\t\t\t\t\t<\/div>\n\t\t\t\t<\/div>\n\t\t\t\t<div class=\"elementor-element elementor-element-4e2a410 elementor-widget elementor-widget-heading\" data-id=\"4e2a410\" data-element_type=\"widget\" data-e-type=\"widget\" data-widget_type=\"heading.default\">\n\t\t\t\t<div class=\"elementor-widget-container\">\n\t\t\t\t\t<h2 class=\"elementor-heading-title elementor-size-default\">PRIMEROS PLATOS<\/h2>\t\t\t\t<\/div>\n\t\t\t\t<\/div>\n\t\t\t\t<div class=\"elementor-element elementor-element-e7255b3 elementor-widget elementor-widget-heading\" data-id=\"e7255b3\" data-element_type=\"widget\" data-e-type=\"widget\" data-widget_type=\"heading.default\">\n\t\t\t\t<div class=\"elementor-widget-container\">\n\t\t\t\t\t<h3 class=\"elementor-heading-title elementor-size-default\"><div style=\"font-weight: 400;white-space: normal\"><span data-canva-clipboard=\"ewAiAGEAIgA6ADUALAAiAGgAIgA6ACIAdwB3AHcALgBjAGEAbgB2AGEALgBjAG8AbQAiACwAIgBjACIAOgAiAEQAQQBGADAAZAA5AE0AbQBnADEAWQAiACwAIgBpACIAOgAiAEUAYQBQAGQARQA4AEUARQBoAFgAYQB5AGQAUABIAHEASwBzAFcAQQAyAGcAIgAsACIAYgAiADoAMQA3ADMANwA3ADUANwA3ADkANAA2ADQAMAAsACIAQQA\/ACIAOgAiAEIAIgAsACIAQQAiADoAWwB7ACIAQQAiADoAMgA3ADAALgA5ADIANAA2ADkAMAA5ADAAMwAyADkANQAzACwAIgBCACIAOgAxADkAMAAuADcANgA1ADQANQA0ADQAOQA5ADMANQAyADQANwAsACIARAAiADoANwAyADYALgA4ADQAOAA3ADQANAAyADcAMwAwADgANwA1ACwAIgBDACIAOgAyADcANAAuADYAOQAzADMANAA2ACwAIgBBAD8AIgA6ACIASwAiACwAIgBhACIAOgB7ACIAQQAiADoAWwB7ACIAQQA\/ACIAOgAiAEEAIgAsACIAQQAiADoAIgBDAGEAegB1AGUAbABpAHQAYQAgAGQAZQAgAGMAZQBuAHQAbwBsAGwAbwAgAGcAcgBhAHQAaQBuAGEAZABhAFwAbgBWAGkAZQBpAHIAYQBzACAAcgBlAGwAbABlAG4AYQBzACAAeQAgAGcAcgBhAHQAaQBuAGEAZABhAHMAIABcAG4ATQBvAGwAbABlAGoAYQBzACAAZABlACAAdABlAHIAbgBlAHIAYQAgAGcAdQBpAHMAYQBkAGEAcwBcAG4ARQBuAHMAYQBsAGEAZABhACAAZABlACAAcQB1AGUAcwBvACAAZABlACAAYwBhAGIAcgBhACAAeQAgAFwAbgB2AGkAcgB1AHQAYQBzACAAZABlACAAcwBlAHIAcgBhAG4AbwBcAG4ASgBhAG0A8wBuACAAaQBiAOkAcgBpAGMAbwAgAGQAZQAgAHIAZQBjAGUAYgBvAFwAbgBDAGUAYwBpAG4AYQAgAGQAZQAgAEwAZQDzAG4AIABhAGwAIAB6AHUAbQBvACAAZABlACAAYQBjAGUAaQB0AHUAbgBhAFwAbgBMAGUAbgBnAHUAYQAgAGMAbwBuACAAbwBsAGkAdgBhACAAeQAgAHAAaQBtAGUAbgB0APMAbgBcAG4AQwByAHUAagBpAGUAbgB0AGUAcwAgAGQAZQAgAGwAYQBuAGcAbwBzAHQAaQBuAG8AcwBcAG4AIgB9AF0ALAAiAEIAIgA6AFsAewAiAEEAPwAiADoAIgBBACIALAAiAEEAIgA6AHsAIgB0AGUAeAB0AC0AYQBsAGkAZwBuACIAOgB7ACIAQgAiADoAIgBjAGUAbgB0AGUAcgAiAH0ALAAiAGwAZQBhAGQAaQBuAGcAIgA6AHsAIgBCACIAOgAiADEAMwA5ADAALgAwACIAfQAsACIAdAByAGEAYwBrAGkAbgBnACIAOgB7ACIAQgAiADoAIgAxADUAMAAuADAAIgB9ACwAIgBmAG8AbgB0AC0AZgBhAG0AaQBsAHkAIgA6AHsAIgBCACIAOgAiAFkAQQBDAGcARQBlAFYAOABiAEkAUQAsADAAIgB9ACwAIgBmAG8AbgB0AC0AcwBpAHoAZQAiADoAewAiAEIAIgA6ACIAMgAyAC4ANgA2ADYANgAiAH0ALAAiAHMAdAB5AGwAZQAiADoAewAiAEIAIgA6ACIAcwB1AGIAdABpAHQAbABlACIAfQB9AH0ALAB7ACIAQQA\/ACIAOgAiAEIAIgAsACIAQQAiADoAMgA1ADQAfQAsAHsAIgBBAD8AIgA6ACIAQQAiACwAIgBBACIAOgB7ACIAdABlAHgAdAAtAGEAbABpAGcAbgAiADoAewB9ACwAIgBsAGUAYQBkAGkAbgBnACIAOgB7AH0ALAAiAHQAcgBhAGMAawBpAG4AZwAiADoAewB9ACwAIgBmAG8AbgB0AC0AZgBhAG0AaQBsAHkAIgA6AHsAfQAsACIAZgBvAG4AdAAtAHMAaQB6AGUAIgA6AHsAfQAsACIAcwB0AHkAbABlACIAOgB7AH0AfQB9AF0AfQAsACIAYgAiADoAewAiAEEAIgA6AFsAMwAyACwAMwAxACwAMgA5ACwAMwAwACwAMQA5ACwAMgA0ACwAMwA1ACwAMgA4ACwAMgA2AF0AfQAsACIAZAAiADoAIgBBACIALAAiAGcAIgA6AGYAYQBsAHMAZQAsACIAaAAiADoAIgBBACIAfQBdACwAIgBCACIAOgAxADAAOAAwACwAIgBDACIAOgAxADAAOAAwAH0A\"><\/span><p>Cazuelita de centollo gratinada&nbsp;<\/p><p>Vieiras rellenas y gratinadas&nbsp;<\/p><p>Mollejas de ternera guisadas&nbsp;<\/p><p>Ensalada de queso de cabra y virutas de serrano<\/p><p>&nbsp;Jam\u00f3n ib\u00e9rico de recebo&nbsp;<\/p><p>Cecina de Le\u00f3n al zumo de aceituna&nbsp;<\/p><p>Lengua con oliva y piment\u00f3n&nbsp;<\/p><p>Crujientes de langostinos<span style=\"font-family: var( --e-global-typography-primary-font-family ), Sans-serif;font-size: var(--wp--preset--font-size--x-large);white-space: pre-wrap;text-align: var(--text-align)\"><\/span><\/p><\/div><\/h3>\t\t\t\t<\/div>\n\t\t\t\t<\/div>\n\t\t\t\t<div class=\"elementor-element elementor-element-64233a1 elementor-widget-divider--view-line_icon elementor-view-default elementor-widget-divider--element-align-center elementor-widget elementor-widget-divider\" data-id=\"64233a1\" data-element_type=\"widget\" data-e-type=\"widget\" data-widget_type=\"divider.default\">\n\t\t\t\t<div class=\"elementor-widget-container\">\n\t\t\t\t\t\t\t<div class=\"elementor-divider\">\n\t\t\t<span class=\"elementor-divider-separator\">\n\t\t\t\t\t\t\t<div class=\"elementor-icon elementor-divider__element\">\n\t\t\t\t\t<svg aria-hidden=\"true\" class=\"e-font-icon-svg e-fas-star\" viewBox=\"0 0 576 512\" xmlns=\"http:\/\/www.w3.org\/2000\/svg\"><path d=\"M259.3 17.8L194 150.2 47.9 171.5c-26.2 3.8-36.7 36.1-17.7 54.6l105.7 103-25 145.5c-4.5 26.3 23.2 46 46.4 33.7L288 439.6l130.7 68.7c23.2 12.2 50.9-7.4 46.4-33.7l-25-145.5 105.7-103c19-18.5 8.5-50.8-17.7-54.6L382 150.2 316.7 17.8c-11.7-23.6-45.6-23.9-57.4 0z\"><\/path><\/svg><\/div>\n\t\t\t\t\t\t<\/span>\n\t\t<\/div>\n\t\t\t\t\t\t<\/div>\n\t\t\t\t<\/div>\n\t\t\t\t<div class=\"elementor-element elementor-element-eac848b elementor-widget elementor-widget-heading\" data-id=\"eac848b\" data-element_type=\"widget\" data-e-type=\"widget\" data-widget_type=\"heading.default\">\n\t\t\t\t<div class=\"elementor-widget-container\">\n\t\t\t\t\t<h2 class=\"elementor-heading-title elementor-size-default\">SEGUNDOS PLATOS<\/h2>\t\t\t\t<\/div>\n\t\t\t\t<\/div>\n\t\t\t\t<div class=\"elementor-element elementor-element-c89771c elementor-widget elementor-widget-heading\" data-id=\"c89771c\" data-element_type=\"widget\" data-e-type=\"widget\" data-widget_type=\"heading.default\">\n\t\t\t\t<div class=\"elementor-widget-container\">\n\t\t\t\t\t<h3 class=\"elementor-heading-title elementor-size-default\"><div style=\"font-weight: 400;white-space: normal\"><span data-canva-clipboard=\"ewAiAGEAIgA6ADUALAAiAGgAIgA6ACIAdwB3AHcALgBjAGEAbgB2AGEALgBjAG8AbQAiACwAIgBjACIAOgAiAEQAQQBGADAAZAA5AE0AbQBnADEAWQAiACwAIgBpACIAOgAiAEUAYQBQAGQARQA4AEUARQBoAFgAYQB5AGQAUABIAHEASwBzAFcAQQAyAGcAIgAsACIAYgAiADoAMQA3ADMANwA3ADUANwA3ADkANAA2ADQAMAAsACIAQQA\/ACIAOgAiAEIAIgAsACIAQQAiADoAWwB7ACIAQQAiADoANgAyADMALgA4ADgAMgAxADQANgA5ADEANwA0ADIAMwA5ACwAIgBCACIAOgAxADkAMAAuADcANgA1ADQANQA0ADQAOQA5ADMANQAyADUAMwAsACIARAAiADoANwAyADYALgA4ADQAOAA3ADQANAAyADcAMwAwADgANwA0ACwAIgBDACIAOgAyADQAMwAuADYAOQAzADMANAA2ACwAIgBBAD8AIgA6ACIASwAiACwAIgBhACIAOgB7ACIAQQAiADoAWwB7ACIAQQA\/ACIAOgAiAEEAIgAsACIAQQAiADoAIgBMAGUAYwBoAGEAegBvACAAYQBzAGEAZABvACAAYQBsACAAaABvAHIAbgBvAFwAbgBDAGgAdQBsAGUAdABhACAAZABlACAAdABlAHIAbgBlAHIAYQBcAG4ARQBuAHQAcgBlAGMAbwB0ACAAZABlACAAYwBhAHIAbgBlACAAcgBvAGoAYQBcAG4AQwBoAHUAbABlAHQA8wBuACAAZABlACAAbgBvAHYAaQBsAGwAbwBcAG4AQgBhAGMAYQBsAGEAbwAgAGEAIABsAGEAIAB2AGkAegBjAGEA7QBuAGEAXABuAFIAbwBkAGEAYgBhAGwAbABvACAAcwBhAGwAdgBhAGoAZQAgAGMAbwBuACAAdgBlAHIAZAB1AHIAYQBzACAAZgByAGUAcwBjAGEAcwBcAG4AQwBhAHIAcgBpAGwAbABlAHIAYQBzACAAZABlACAAbQBlAHIAbAB1AHoAYQAgAGEAbAAgAGEAagBpAGwAbABvAFwAbgBMAGUAbgBnAHUAYQBkAG8AIABhACAAbABhACAAcABsAGEAbgBjAGgAYQBcAG4AIgB9AF0ALAAiAEIAIgA6AFsAewAiAEEAPwAiADoAIgBBACIALAAiAEEAIgA6AHsAIgB0AGUAeAB0AC0AYQBsAGkAZwBuACIAOgB7ACIAQgAiADoAIgBjAGUAbgB0AGUAcgAiAH0ALAAiAGwAZQBhAGQAaQBuAGcAIgA6AHsAIgBCACIAOgAiADEAMwA5ADAALgAwACIAfQAsACIAdAByAGEAYwBrAGkAbgBnACIAOgB7ACIAQgAiADoAIgAxADUAMAAuADAAIgB9ACwAIgBmAG8AbgB0AC0AZgBhAG0AaQBsAHkAIgA6AHsAIgBCACIAOgAiAFkAQQBDAGcARQBlAFYAOABiAEkAUQAsADAAIgB9ACwAIgBmAG8AbgB0AC0AcwBpAHoAZQAiADoAewAiAEIAIgA6ACIAMgAyAC4ANgA2ADYANgAiAH0ALAAiAHMAdAB5AGwAZQAiADoAewAiAEIAIgA6ACIAcwB1AGIAdABpAHQAbABlACIAfQB9AH0ALAB7ACIAQQA\/ACIAOgAiAEIAIgAsACIAQQAiADoAMgAwADEAfQAsAHsAIgBBAD8AIgA6ACIAQQAiACwAIgBBACIAOgB7ACIAdABlAHgAdAAtAGEAbABpAGcAbgAiADoAewB9ACwAIgBsAGUAYQBkAGkAbgBnACIAOgB7AH0ALAAiAHQAcgBhAGMAawBpAG4AZwAiADoAewB9ACwAIgBmAG8AbgB0AC0AZgBhAG0AaQBsAHkAIgA6AHsAfQAsACIAZgBvAG4AdAAtAHMAaQB6AGUAIgA6AHsAfQAsACIAcwB0AHkAbABlACIAOgB7AH0AfQB9AF0AfQAsACIAYgAiADoAewAiAEEAIgA6AFsAMgAzACwAMQA5ACwAMgAzACwAMgAwACwAMgAyACwAMwA5ACwAMwAzACwAMgAyAF0AfQAsACIAZAAiADoAIgBBACIALAAiAGcAIgA6AGYAYQBsAHMAZQAsACIAaAAiADoAIgBBACIAfQBdACwAIgBCACIAOgAxADAAOAAwACwAIgBDACIAOgAxADAAOAAwAH0A\"><\/span><p>Lechazo asado al horno&nbsp;<\/p><p>Chuleta de ternera&nbsp;<\/p><p><span style=\"font-family: var( --e-global-typography-primary-font-family ), Sans-serif;font-size: var(--wp--preset--font-size--x-large);text-align: var(--text-align)\">Entrecot de carne roja&nbsp;<\/span><\/p><p><span style=\"font-family: var( --e-global-typography-primary-font-family ), Sans-serif;font-size: var(--wp--preset--font-size--x-large);text-align: var(--text-align)\">Chulet\u00f3n de novillo&nbsp;<\/span><\/p><p><span style=\"font-family: var( --e-global-typography-primary-font-family ), Sans-serif;font-size: var(--wp--preset--font-size--x-large);text-align: var(--text-align)\">Bacalao a la vizca\u00edna&nbsp;<\/span><\/p><p><span style=\"font-family: var( --e-global-typography-primary-font-family ), Sans-serif;font-size: var(--wp--preset--font-size--x-large);text-align: var(--text-align)\">Rodaballo salvaje con verduras frescas&nbsp;<\/span><\/p><p><span style=\"font-family: var( --e-global-typography-primary-font-family ), Sans-serif;font-size: var(--wp--preset--font-size--x-large);text-align: var(--text-align)\">Carrilleras de merluza al ajillo&nbsp;<\/span><\/p><p><span style=\"font-family: var( --e-global-typography-primary-font-family ), Sans-serif;font-size: var(--wp--preset--font-size--x-large);text-align: var(--text-align)\">Lenguado a la plancha<\/span><span style=\"font-size: var(--wp--preset--font-size--large);font-weight: 600;white-space: pre-wrap\"><\/span><\/p><\/div><\/h3>\t\t\t\t<\/div>\n\t\t\t\t<\/div>\n\t\t\t\t<div class=\"elementor-element elementor-element-c640606 elementor-widget-divider--view-line_icon elementor-view-default elementor-widget-divider--element-align-center elementor-widget elementor-widget-divider\" data-id=\"c640606\" data-element_type=\"widget\" data-e-type=\"widget\" data-widget_type=\"divider.default\">\n\t\t\t\t<div class=\"elementor-widget-container\">\n\t\t\t\t\t\t\t<div class=\"elementor-divider\">\n\t\t\t<span class=\"elementor-divider-separator\">\n\t\t\t\t\t\t\t<div class=\"elementor-icon elementor-divider__element\">\n\t\t\t\t\t<svg aria-hidden=\"true\" class=\"e-font-icon-svg e-fas-star\" viewBox=\"0 0 576 512\" xmlns=\"http:\/\/www.w3.org\/2000\/svg\"><path d=\"M259.3 17.8L194 150.2 47.9 171.5c-26.2 3.8-36.7 36.1-17.7 54.6l105.7 103-25 145.5c-4.5 26.3 23.2 46 46.4 33.7L288 439.6l130.7 68.7c23.2 12.2 50.9-7.4 46.4-33.7l-25-145.5 105.7-103c19-18.5 8.5-50.8-17.7-54.6L382 150.2 316.7 17.8c-11.7-23.6-45.6-23.9-57.4 0z\"><\/path><\/svg><\/div>\n\t\t\t\t\t\t<\/span>\n\t\t<\/div>\n\t\t\t\t\t\t<\/div>\n\t\t\t\t<\/div>\n\t\t\t\t<div class=\"elementor-element elementor-element-795b361 elementor-widget elementor-widget-heading\" data-id=\"795b361\" data-element_type=\"widget\" data-e-type=\"widget\" data-widget_type=\"heading.default\">\n\t\t\t\t<div class=\"elementor-widget-container\">\n\t\t\t\t\t<h3 class=\"elementor-heading-title elementor-size-default\"><div style=\"font-weight: 400;white-space: normal\"><span data-canva-clipboard=\"ewAiAGEAIgA6ADUALAAiAGgAIgA6ACIAdwB3AHcALgBjAGEAbgB2AGEALgBjAG8AbQAiACwAIgBjACIAOgAiAEQAQQBGADAAZAA5AE0AbQBnADEAWQAiACwAIgBpACIAOgAiAEUAYQBQAGQARQA4AEUARQBoAFgAYQB5AGQAUABIAHEASwBzAFcAQQAyAGcAIgAsACIAYgAiADoAMQA3ADMANwA3ADUANwA3ADkANAA2ADQAMAAsACIAQQA\/ACIAOgAiAEIAIgAsACIAQQAiADoAWwB7ACIAQQAiADoAOQAwADEALgA5ADcAOAA1ADUAMAA4ADcAOQAwADkANwA0ACwAIgBCACIAOgAyADMAMgAuADQAMgA3ADEANQAzADcANgA1ADgAOQA0ADYANwAsACIARAAiADoANgAxADQALgA5ADkAOAAxADkAOAA0ADQAOQA4ADgAOAAyACwAIgBDACIAOgAyADQALgA5ADQANgA2ADcAMwAsACIAQQA\/ACIAOgAiAEsAIgAsACIAYQAiADoAewAiAEEAIgA6AFsAewAiAEEAPwAiADoAIgBBACIALAAiAEEAIgA6ACIAUABhAG4ALAAgAFIAaQBvAGoAYQAgAEoAbwB2AGUAbgAsACAAcABvAHMAdAByAGUAIAB5ACAAYwBhAGYA6QBcAG4AIgB9AF0ALAAiAEIAIgA6AFsAewAiAEEAPwAiADoAIgBBACIALAAiAEEAIgA6AHsAIgB0AGUAeAB0AC0AYQBsAGkAZwBuACIAOgB7ACIAQgAiADoAIgBjAGUAbgB0AGUAcgAiAH0ALAAiAGwAZQBhAGQAaQBuAGcAIgA6AHsAIgBCACIAOgAiADEAMwA5ADAALgAwACIAfQAsACIAdAByAGEAYwBrAGkAbgBnACIAOgB7ACIAQgAiADoAIgAxADUAMAAuADAAIgB9ACwAIgBmAG8AbgB0AC0AZgBhAG0AaQBsAHkAIgA6AHsAIgBCACIAOgAiAFkAQQBDAGcARQBlAFYAOABiAEkAUQAsADAAIgB9ACwAIgBmAG8AbgB0AC0AcwBpAHoAZQAiADoAewAiAEIAIgA6ACIAMgAxAC4AMwAzADMAMwAiAH0ALAAiAHMAdAB5AGwAZQAiADoAewAiAEIAIgA6ACIAcwB1AGIAdABpAHQAbABlACIAfQB9AH0ALAB7ACIAQQA\/ACIAOgAiAEIAIgAsACIAQQAiADoAMwAyAH0ALAB7ACIAQQA\/ACIAOgAiAEEAIgAsACIAQQAiADoAewAiAHQAZQB4AHQALQBhAGwAaQBnAG4AIgA6AHsAfQAsACIAbABlAGEAZABpAG4AZwAiADoAewB9ACwAIgB0AHIAYQBjAGsAaQBuAGcAIgA6AHsAfQAsACIAZgBvAG4AdAAtAGYAYQBtAGkAbAB5ACIAOgB7AH0ALAAiAGYAbwBuAHQALQBzAGkAegBlACIAOgB7AH0ALAAiAHMAdAB5AGwAZQAiADoAewB9AH0AfQBdAH0ALAAiAGIAIgA6AHsAIgBBACIAOgBbADMAMgBdAH0ALAAiAGQAIgA6ACIAQQAiACwAIgBnACIAOgBmAGEAbABzAGUALAAiAGgAIgA6ACIAQQAiAH0AXQAsACIAQgAiADoAMQAwADgAMAAsACIAQwAiADoAMQAwADgAMAB9AA==\"><\/span><p>Pan, Rioja Joven, postre y caf\u00e9<span style=\"font-family: var( --e-global-typography-primary-font-family ), Sans-serif;font-size: var(--wp--preset--font-size--x-large);white-space: pre-wrap;text-align: var(--text-align)\"><\/span><\/p><\/div><\/h3>\t\t\t\t<\/div>\n\t\t\t\t<\/div>\n\t\t\t\t<div class=\"elementor-element elementor-element-030fba1 elementor-widget-divider--view-line_icon elementor-view-default elementor-widget-divider--element-align-center elementor-widget elementor-widget-divider\" data-id=\"030fba1\" data-element_type=\"widget\" data-e-type=\"widget\" data-widget_type=\"divider.default\">\n\t\t\t\t<div class=\"elementor-widget-container\">\n\t\t\t\t\t\t\t<div class=\"elementor-divider\">\n\t\t\t<span class=\"elementor-divider-separator\">\n\t\t\t\t\t\t\t<div class=\"elementor-icon elementor-divider__element\">\n\t\t\t\t\t<svg aria-hidden=\"true\" class=\"e-font-icon-svg e-fas-star\" viewBox=\"0 0 576 512\" xmlns=\"http:\/\/www.w3.org\/2000\/svg\"><path d=\"M259.3 17.8L194 150.2 47.9 171.5c-26.2 3.8-36.7 36.1-17.7 54.6l105.7 103-25 145.5c-4.5 26.3 23.2 46 46.4 33.7L288 439.6l130.7 68.7c23.2 12.2 50.9-7.4 46.4-33.7l-25-145.5 105.7-103c19-18.5 8.5-50.8-17.7-54.6L382 150.2 316.7 17.8c-11.7-23.6-45.6-23.9-57.4 0z\"><\/path><\/svg><\/div>\n\t\t\t\t\t\t<\/span>\n\t\t<\/div>\n\t\t\t\t\t\t<\/div>\n\t\t\t\t<\/div>\n\t\t\t\t<div class=\"elementor-element elementor-element-76a1a9e elementor-widget elementor-widget-heading\" data-id=\"76a1a9e\" data-element_type=\"widget\" data-e-type=\"widget\" data-widget_type=\"heading.default\">\n\t\t\t\t<div class=\"elementor-widget-container\">\n\t\t\t\t\t<h4 class=\"elementor-heading-title elementor-size-default\"><div style=\"white-space: normal\"><span data-canva-clipboard=\"ewAiAGEAIgA6ADUALAAiAGgAIgA6ACIAdwB3AHcALgBjAGEAbgB2AGEALgBjAG8AbQAiACwAIgBjACIAOgAiAEQAQQBGADAAZAA5AE0AbQBnADEAWQAiACwAIgBpACIAOgAiAEUAYQBQAGQARQA4AEUARQBoAFgAYQB5AGQAUABIAHEASwBzAFcAQQAyAGcAIgAsACIAYgAiADoAMQA3ADMANwA3ADUANwA3ADkANAA2ADQAMAAsACIAQQA\/ACIAOgAiAEIAIgAsACIAQQAiADoAWwB7ACIAQQAiADoAOQA3ADIALgA3ADcANQAxADcAOQA3ADAAMAAwADcAOQA0ACwAIgBCACIAOgAzADEANwAuADYANQAwADMAMwAzADAAMQAyADYANgA1ADQANAAsACIARAAiADoANAA4ADAALgA2ADYANAA2ADYANQA5ADYANgA5ADEANAA2ACwAIgBDACIAOgAxADEANAAsACIAQQA\/ACIAOgAiAEsAIgAsACIAYQAiADoAewAiAEEAIgA6AFsAewAiAEEAPwAiADoAIgBBACIALAAiAEEAIgA6ACIAUABSAEUAQwBJAE8AOgAgADIAOAAgAEUAVQBSAE8AUwBcAG4AXABuAE0AZQBuAPoAIABQAEEAUgBBACAATABMAEUAVgBBAFIAOgAgADIANQCsIFwAbgAgAE4AbwAgAEkATgBDAEwAVQBZAEUAIABwAGEAbgAsACAAYgBlAGIAaQBkAGEALAAgAG4AaQAgAGMAYQBmAOkAIAAgACAAXABuAFwAbgBcAG4AIgB9AF0ALAAiAEIAIgA6AFsAewAiAEEAPwAiADoAIgBBACIALAAiAEEAIgA6AHsAIgB0AHIAYQBjAGsAaQBuAGcAIgA6AHsAIgBCACIAOgAiADMAMQAwAC4AMAAiAH0ALAAiAHQAZQB4AHQALQB0AHIAYQBuAHMAZgBvAHIAbQAiADoAewAiAEIAIgA6ACIAdQBwAHAAZQByAGMAYQBzAGUAIgB9ACwAIgBzAHQAeQBsAGUAIgA6AHsAIgBCACIAOgAiAHMAdQBiAHQAaQB0AGwAZQAiAH0ALAAiAGYAbwBuAHQALQBmAGEAbQBpAGwAeQAiADoAewAiAEIAIgA6ACIAWQBBAEMAZwBFAGUAVgA4AGIASQBRACwAMAAiAH0ALAAiAGMAbwBsAG8AcgAiADoAewAiAEIAIgA6ACIAIwBhADQANABmADMAMAAiAH0ALAAiAHQAZQB4AHQALQBhAGwAaQBnAG4AIgA6AHsAIgBCACIAOgAiAGMAZQBuAHQAZQByACIAfQAsACIAZgBvAG4AdAAtAHcAZQBpAGcAaAB0ACIAOgB7ACIAQgAiADoAIgBiAG8AbABkACIAfQAsACIAbABlAGEAZABpAG4AZwAiADoAewAiAEIAIgA6ACIAMQAwADAAMAAuADAAIgB9AH0AfQAsAHsAIgBBAD8AIgA6ACIAQgAiACwAIgBBACIAOgAxADcAfQAsAHsAIgBBAD8AIgA6ACIAQQAiACwAIgBBACIAOgB7ACIAZgBvAG4AdAAtAHcAZQBpAGcAaAB0ACIAOgB7AH0AfQB9ACwAewAiAEEAPwAiADoAIgBCACIALAAiAEEAIgA6ADUAfQAsAHsAIgBBAD8AIgA6ACIAQQAiACwAIgBBACIAOgB7ACIAZgBvAG4AdAAtAHcAZQBpAGcAaAB0ACIAOgB7ACIAQgAiADoAIgBiAG8AbABkACIAfQB9AH0ALAB7ACIAQQA\/ACIAOgAiAEIAIgAsACIAQQAiADoAMQB9ACwAewAiAEEAPwAiADoAIgBBACIALAAiAEEAIgA6AHsAIgBmAG8AbgB0AC0AdwBlAGkAZwBoAHQAIgA6AHsAfQB9AH0ALAB7ACIAQQA\/ACIAOgAiAEIAIgAsACIAQQAiADoAMQA3AH0ALAB7ACIAQQA\/ACIAOgAiAEEAIgAsACIAQQAiADoAewAiAGwAZQBhAGQAaQBuAGcAIgA6AHsAfQB9AH0ALAB7ACIAQQA\/ACIAOgAiAEIAIgAsACIAQQAiADoAMwAzAH0ALAB7ACIAQQA\/ACIAOgAiAEEAIgAsACIAQQAiADoAewAiAGYAbwBuAHQALQB3AGUAaQBnAGgAdAAiADoAewAiAEIAIgA6ACIAYgBvAGwAZAAiAH0AfQB9ACwAewAiAEEAPwAiADoAIgBCACIALAAiAEEAIgA6ADIAfQAsAHsAIgBBAD8AIgA6ACIAQQAiACwAIgBBACIAOgB7ACIAZgBvAG4AdAAtAHcAZQBpAGcAaAB0ACIAOgB7AH0AfQB9ACwAewAiAEEAPwAiADoAIgBCACIALAAiAEEAIgA6ADEAfQAsAHsAIgBBAD8AIgA6ACIAQQAiACwAIgBBACIAOgB7ACIAYwBvAGwAbwByACIAOgB7ACIAQgAiADoAIgAjADgAOAA3ADkANABmACIAfQB9AH0ALAB7ACIAQQA\/ACIAOgAiAEIAIgAsACIAQQAiADoAMgB9ACwAewAiAEEAPwAiADoAIgBBACIALAAiAEEAIgA6AHsAIgBmAG8AbgB0AC0AZgBhAG0AaQBsAHkAIgA6AHsAfQAsACIAcwB0AHkAbABlACIAOgB7AH0ALAAiAHQAZQB4AHQALQBhAGwAaQBnAG4AIgA6AHsAfQAsACIAYwBvAGwAbwByACIAOgB7AH0ALAAiAHQAZQB4AHQALQB0AHIAYQBuAHMAZgBvAHIAbQAiADoAewB9ACwAIgB0AHIAYQBjAGsAaQBuAGcAIgA6AHsAfQB9AH0AXQB9ACwAIgBiACIAOgB7ACIAQQAiADoAWwAxADcALAAxACwAMgAyACwAMwA2ACwAMQAsADEAXQB9ACwAIgBkACIAOgAiAEEAIgAsACIAZwAiADoAZgBhAGwAcwBlACwAIgBoACIAOgAiAEEAIgB9AF0ALAAiAEIAIgA6ADEAMAA4ADAALAAiAEMAIgA6ADEAMAA4ADAAfQA=\"><\/span><p><b>PRECIO: 28 EUROS<\/b><\/p><p style=\"font-weight: 400\">&nbsp;<\/p><p style=\"font-weight: 400\">MEN\u00da PARA LLEVAR: 25\u20ac&nbsp;<\/p><p style=\"font-weight: 400\">NO INCLUYE PAN, BEBIDA NI CAF\u00c9<span style=\"font-family: var( --e-global-typography-primary-font-family ), Sans-serif;font-size: var(--wp--preset--font-size--medium);white-space: pre-wrap\"><\/span><\/p><\/div><\/h4>\t\t\t\t<\/div>\n\t\t\t\t<\/div>\n\t\t\t\t<\/div>\n\t\t\t\t<\/div>\n\t\t","protected":false},"excerpt":{"rendered":"<p>S\u00e1bado, 1 de febrero PRIMEROS PLATOS Cazuelita de centollo gratinada&nbsp; Vieiras rellenas y gratinadas&nbsp; Mollejas de ternera guisadas&nbsp; Ensalada de queso de cabra y virutas de serrano &nbsp;Jam\u00f3n ib\u00e9rico de recebo&nbsp; Cecina de Le\u00f3n al zumo de aceituna&nbsp; Lengua con oliva y piment\u00f3n&nbsp; Crujientes de langostinos SEGUNDOS PLATOS Lechazo asado al horno&nbsp; Chuleta de ternera&nbsp; [&hellip;]<\/p>\n","protected":false},"author":1,"featured_media":0,"parent":0,"menu_order":0,"comment_status":"closed","ping_status":"closed","template":"page-menu-especial-template","meta":{"saved_in_kubio":true,"_themeisle_gutenberg_block_has_review":false,"footnotes":""},"class_list":["post-135","page","type-page","status-publish","hentry"],"kubio_ai_page_context":{"short_desc":"","purpose":"general"},"jetpack_sharing_enabled":true,"_links":{"self":[{"href":"https:\/\/elfogondeisi.com\/index.php\/wp-json\/wp\/v2\/pages\/135","targetHints":{"allow":["GET"]}}],"collection":[{"href":"https:\/\/elfogondeisi.com\/index.php\/wp-json\/wp\/v2\/pages"}],"about":[{"href":"https:\/\/elfogondeisi.com\/index.php\/wp-json\/wp\/v2\/types\/page"}],"author":[{"embeddable":true,"href":"https:\/\/elfogondeisi.com\/index.php\/wp-json\/wp\/v2\/users\/1"}],"replies":[{"embeddable":true,"href":"https:\/\/elfogondeisi.com\/index.php\/wp-json\/wp\/v2\/comments?post=135"}],"version-history":[{"count":17,"href":"https:\/\/elfogondeisi.com\/index.php\/wp-json\/wp\/v2\/pages\/135\/revisions"}],"predecessor-version":[{"id":477,"href":"https:\/\/elfogondeisi.com\/index.php\/wp-json\/wp\/v2\/pages\/135\/revisions\/477"}],"wp:attachment":[{"href":"https:\/\/elfogondeisi.com\/index.php\/wp-json\/wp\/v2\/media?parent=135"}],"curies":[{"name":"wp","href":"https:\/\/api.w.org\/{rel}","templated":true}]}}